{"id":6837,"date":"2024-02-21T18:31:46","date_gmt":"2024-02-21T15:31:46","guid":{"rendered":"https:\/\/belgestone.com.tr\/?page_id=6837"},"modified":"2024-02-21T19:34:00","modified_gmt":"2024-02-21T16:34:00","slug":"cappuccino-marble-2","status":"publish","type":"page","link":"https:\/\/belgestone.com.tr\/index.php\/cappuccino-marble-2\/","title":{"rendered":"CAPPUCCINO MARBLE"},"content":{"rendered":"\t\t<div data-elementor-type=\"wp-page\" data-elementor-id=\"6837\" class=\"elementor elementor-6837\">\n\t\t\t\t<div class=\"elementor-element elementor-element-0013805 e-flex e-con-boxed e-con e-parent\" data-id=\"0013805\" data-element_type=\"container\" data-settings=\"{&quot;content_width&quot;:&quot;boxed&quot;}\" data-core-v316-plus=\"true\">\n\t\t\t\t\t<div class=\"e-con-inner\">\n\t\t<div class=\"elementor-element elementor-element-73e43b1 e-con-full e-flex e-con e-child\" data-id=\"73e43b1\" data-element_type=\"container\" data-settings=\"{&quot;content_width&quot;:&quot;full&quot;}\">\n\t\t\t\t<div class=\"elementor-element elementor-element-efcb3f3 elementor-widget elementor-widget-image\" data-id=\"efcb3f3\" data-element_type=\"widget\" data-widget_type=\"image.default\">\n\t\t\t\t<div class=\"elementor-widget-container\">\n\t\t\t<style>\/*! elementor - v3.19.0 - 07-02-2024 *\/\n.elementor-widget-image{text-align:center}.elementor-widget-image a{display:inline-block}.elementor-widget-image a img[src$=\".svg\"]{width:48px}.elementor-widget-image img{vertical-align:middle;display:inline-block}<\/style>\t\t\t\t\t\t\t\t\t\t<img fetchpriority=\"high\" decoding=\"async\" width=\"525\" height=\"573\" src=\"https:\/\/belgestone.com.tr\/wp-content\/uploads\/2024\/02\/CAPPUCCINO-MARBLE.png\" class=\"attachment-large size-large wp-image-6797\" alt=\"\" srcset=\"https:\/\/belgestone.com.tr\/wp-content\/uploads\/2024\/02\/CAPPUCCINO-MARBLE.png 613w, https:\/\/belgestone.com.tr\/wp-content\/uploads\/2024\/02\/CAPPUCCINO-MARBLE-275x300.png 275w\" sizes=\"(max-width: 525px) 100vw, 525px\" \/>\t\t\t\t\t\t\t\t\t\t\t\t\t<\/div>\n\t\t\t\t<\/div>\n\t\t\t\t<\/div>\n\t\t<div class=\"elementor-element elementor-element-7e7339c e-con-full e-flex e-con e-child\" data-id=\"7e7339c\" data-element_type=\"container\" data-settings=\"{&quot;content_width&quot;:&quot;full&quot;}\">\n\t\t\t\t<div class=\"elementor-element elementor-element-d6ac288 elementor-widget elementor-widget-text-editor\" data-id=\"d6ac288\" data-element_type=\"widget\" data-widget_type=\"text-editor.default\">\n\t\t\t\t<div class=\"elementor-widget-container\">\n\t\t\t<style>\/*! elementor - v3.19.0 - 07-02-2024 *\/\n.elementor-widget-text-editor.elementor-drop-cap-view-stacked .elementor-drop-cap{background-color:#69727d;color:#fff}.elementor-widget-text-editor.elementor-drop-cap-view-framed .elementor-drop-cap{color:#69727d;border:3px solid;background-color:transparent}.elementor-widget-text-editor:not(.elementor-drop-cap-view-default) .elementor-drop-cap{margin-top:8px}.elementor-widget-text-editor:not(.elementor-drop-cap-view-default) .elementor-drop-cap-letter{width:1em;height:1em}.elementor-widget-text-editor .elementor-drop-cap{float:left;text-align:center;line-height:1;font-size:50px}.elementor-widget-text-editor .elementor-drop-cap-letter{display:inline-block}<\/style>\t\t\t\t<p>Cappucc\u0131no&#8217;nun davetkar tonlar\u0131, sonsuz bir l\u00fcks sunuyor.<br \/>Cappucc\u0131no&#8217;nun kahve tonlar\u0131n\u0131n yaratt\u0131\u011f\u0131 hareket ve doku mekanlar\u0131n\u0131za g\u00f6z al\u0131c\u0131 bir hava katmaya devam eder.<br \/>\u0130\u00e7 mekan\u0131n\u0131z\u0131 \u00f6m\u00fcr boyu zamans\u0131z bir g\u00fczellik duygusuyla bulu\u015fturur. \u00c7a\u011fda\u015f i\u00e7 tasar\u0131m projeleri s\u00f6z konusu oldu\u011funda bu cesur mermerin cazibesi tek kelimeyle b\u00fcy\u00fcleyici!<\/p>\t\t\t\t\t\t<\/div>\n\t\t\t\t<\/div>\n\t\t\t\t<\/div>\n\t\t\t\t\t<\/div>\n\t\t\t\t<\/div>\n\t\t\t\t<\/div>\n\t\t","protected":false},"excerpt":{"rendered":"<p>Cappucc\u0131no&#8217;nun davetkar tonlar\u0131, sonsuz bir l\u00fcks sunuyor.Cappucc\u0131no&#8217;nun kahve tonlar\u0131n\u0131n yaratt\u0131\u011f\u0131 hareket ve doku mekanlar\u0131n\u0131za g\u00f6z al\u0131c\u0131 bir hava katmaya devam eder.\u0130\u00e7 mekan\u0131n\u0131z\u0131 \u00f6m\u00fcr boyu zamans\u0131z bir g\u00fczellik duygusuyla bulu\u015fturur. \u00c7a\u011fda\u015f i\u00e7 tasar\u0131m projeleri s\u00f6z konusu oldu\u011funda bu cesur mermerin cazibesi tek kelimeyle b\u00fcy\u00fcleyici!<\/p>\n","protected":false},"author":1,"featured_media":0,"parent":0,"menu_order":0,"comment_status":"closed","ping_status":"closed","template":"","meta":{"_acf_changed":false,"footnotes":""},"class_list":["post-6837","page","type-page","status-publish","hentry"],"acf":[],"_links":{"self":[{"href":"https:\/\/belgestone.com.tr\/index.php\/wp-json\/wp\/v2\/pages\/6837","targetHints":{"allow":["GET"]}}],"collection":[{"href":"https:\/\/belgestone.com.tr\/index.php\/wp-json\/wp\/v2\/pages"}],"about":[{"href":"https:\/\/belgestone.com.tr\/index.php\/wp-json\/wp\/v2\/types\/page"}],"author":[{"embeddable":true,"href":"https:\/\/belgestone.com.tr\/index.php\/wp-json\/wp\/v2\/users\/1"}],"replies":[{"embeddable":true,"href":"https:\/\/belgestone.com.tr\/index.php\/wp-json\/wp\/v2\/comments?post=6837"}],"version-history":[{"count":4,"href":"https:\/\/belgestone.com.tr\/index.php\/wp-json\/wp\/v2\/pages\/6837\/revisions"}],"predecessor-version":[{"id":6928,"href":"https:\/\/belgestone.com.tr\/index.php\/wp-json\/wp\/v2\/pages\/6837\/revisions\/6928"}],"wp:attachment":[{"href":"https:\/\/belgestone.com.tr\/index.php\/wp-json\/wp\/v2\/media?parent=6837"}],"curies":[{"name":"wp","href":"https:\/\/api.w.org\/{rel}","templated":true}]}}