{"id":6835,"date":"2024-02-21T18:31:06","date_gmt":"2024-02-21T15:31:06","guid":{"rendered":"https:\/\/belgestone.com.tr\/?page_id=6835"},"modified":"2024-02-21T19:32:57","modified_gmt":"2024-02-21T16:32:57","slug":"mugla-white-marble-2","status":"publish","type":"page","link":"https:\/\/belgestone.com.tr\/index.php\/mugla-white-marble-2\/","title":{"rendered":"MU\u011eLA WHITE MARBLE"},"content":{"rendered":"\t\t<div data-elementor-type=\"wp-page\" data-elementor-id=\"6835\" class=\"elementor elementor-6835\">\n\t\t\t\t<div class=\"elementor-element elementor-element-15fd3a7 e-flex e-con-boxed e-con e-parent\" data-id=\"15fd3a7\" data-element_type=\"container\" data-settings=\"{&quot;content_width&quot;:&quot;boxed&quot;}\" data-core-v316-plus=\"true\">\n\t\t\t\t\t<div class=\"e-con-inner\">\n\t\t<div class=\"elementor-element elementor-element-78d2625 e-con-full e-flex e-con e-child\" data-id=\"78d2625\" data-element_type=\"container\" data-settings=\"{&quot;content_width&quot;:&quot;full&quot;}\">\n\t\t\t\t<div class=\"elementor-element elementor-element-dc52036 elementor-widget elementor-widget-image\" data-id=\"dc52036\" data-element_type=\"widget\" data-widget_type=\"image.default\">\n\t\t\t\t<div class=\"elementor-widget-container\">\n\t\t\t<style>\/*! elementor - v3.19.0 - 07-02-2024 *\/\n.elementor-widget-image{text-align:center}.elementor-widget-image a{display:inline-block}.elementor-widget-image a img[src$=\".svg\"]{width:48px}.elementor-widget-image img{vertical-align:middle;display:inline-block}<\/style>\t\t\t\t\t\t\t\t\t\t<img fetchpriority=\"high\" decoding=\"async\" width=\"525\" height=\"573\" src=\"https:\/\/belgestone.com.tr\/wp-content\/uploads\/2024\/02\/MUGLA-WHITE-MARBLE.png\" class=\"attachment-large size-large wp-image-6789\" alt=\"\" srcset=\"https:\/\/belgestone.com.tr\/wp-content\/uploads\/2024\/02\/MUGLA-WHITE-MARBLE.png 613w, https:\/\/belgestone.com.tr\/wp-content\/uploads\/2024\/02\/MUGLA-WHITE-MARBLE-275x300.png 275w\" sizes=\"(max-width: 525px) 100vw, 525px\" \/>\t\t\t\t\t\t\t\t\t\t\t\t\t<\/div>\n\t\t\t\t<\/div>\n\t\t\t\t<\/div>\n\t\t<div class=\"elementor-element elementor-element-af036e1 e-con-full e-flex e-con e-child\" data-id=\"af036e1\" data-element_type=\"container\" data-settings=\"{&quot;content_width&quot;:&quot;full&quot;}\">\n\t\t\t\t<div class=\"elementor-element elementor-element-76adb40 elementor-widget elementor-widget-text-editor\" data-id=\"76adb40\" data-element_type=\"widget\" data-widget_type=\"text-editor.default\">\n\t\t\t\t<div class=\"elementor-widget-container\">\n\t\t\t<style>\/*! elementor - v3.19.0 - 07-02-2024 *\/\n.elementor-widget-text-editor.elementor-drop-cap-view-stacked .elementor-drop-cap{background-color:#69727d;color:#fff}.elementor-widget-text-editor.elementor-drop-cap-view-framed .elementor-drop-cap{color:#69727d;border:3px solid;background-color:transparent}.elementor-widget-text-editor:not(.elementor-drop-cap-view-default) .elementor-drop-cap{margin-top:8px}.elementor-widget-text-editor:not(.elementor-drop-cap-view-default) .elementor-drop-cap-letter{width:1em;height:1em}.elementor-widget-text-editor .elementor-drop-cap{float:left;text-align:center;line-height:1;font-size:50px}.elementor-widget-text-editor .elementor-drop-cap-letter{display:inline-block}<\/style>\t\t\t\t<p>Beyaz mermer, t\u00fcm d\u00fcnyada uzun y\u0131llard\u0131r safl\u0131\u011f\u0131n ve huzurun simgesi olarak kabul edilmektedir.<br \/>Mu\u011fla Beyaz\u0131, seleksiyona ba\u011fl\u0131 olarak de\u011fi\u015fen beyaz ve gri tonlar\u0131yla uygulanaca\u011f\u0131 mekana minimalist ve rafine bir g\u00f6r\u00fcn\u00fcm katar. Her do\u011fal ta\u015fla m\u00fckemmel bir \u015fekilde kombinlenebilir ve her yerde kullan\u0131labilir.<\/p>\t\t\t\t\t\t<\/div>\n\t\t\t\t<\/div>\n\t\t\t\t<\/div>\n\t\t\t\t\t<\/div>\n\t\t\t\t<\/div>\n\t\t\t\t<\/div>\n\t\t","protected":false},"excerpt":{"rendered":"<p>Beyaz mermer, t\u00fcm d\u00fcnyada uzun y\u0131llard\u0131r safl\u0131\u011f\u0131n ve huzurun simgesi olarak kabul edilmektedir.Mu\u011fla Beyaz\u0131, seleksiyona ba\u011fl\u0131 olarak de\u011fi\u015fen beyaz ve gri tonlar\u0131yla uygulanaca\u011f\u0131 mekana minimalist ve rafine bir g\u00f6r\u00fcn\u00fcm katar. Her do\u011fal ta\u015fla m\u00fckemmel bir \u015fekilde kombinlenebilir ve her yerde kullan\u0131labilir.<\/p>\n","protected":false},"author":1,"featured_media":0,"parent":0,"menu_order":0,"comment_status":"closed","ping_status":"closed","template":"","meta":{"_acf_changed":false,"footnotes":""},"class_list":["post-6835","page","type-page","status-publish","hentry"],"acf":[],"_links":{"self":[{"href":"https:\/\/belgestone.com.tr\/index.php\/wp-json\/wp\/v2\/pages\/6835","targetHints":{"allow":["GET"]}}],"collection":[{"href":"https:\/\/belgestone.com.tr\/index.php\/wp-json\/wp\/v2\/pages"}],"about":[{"href":"https:\/\/belgestone.com.tr\/index.php\/wp-json\/wp\/v2\/types\/page"}],"author":[{"embeddable":true,"href":"https:\/\/belgestone.com.tr\/index.php\/wp-json\/wp\/v2\/users\/1"}],"replies":[{"embeddable":true,"href":"https:\/\/belgestone.com.tr\/index.php\/wp-json\/wp\/v2\/comments?post=6835"}],"version-history":[{"count":4,"href":"https:\/\/belgestone.com.tr\/index.php\/wp-json\/wp\/v2\/pages\/6835\/revisions"}],"predecessor-version":[{"id":6925,"href":"https:\/\/belgestone.com.tr\/index.php\/wp-json\/wp\/v2\/pages\/6835\/revisions\/6925"}],"wp:attachment":[{"href":"https:\/\/belgestone.com.tr\/index.php\/wp-json\/wp\/v2\/media?parent=6835"}],"curies":[{"name":"wp","href":"https:\/\/api.w.org\/{rel}","templated":true}]}}