{"id":6826,"date":"2024-02-21T18:29:54","date_gmt":"2024-02-21T15:29:54","guid":{"rendered":"https:\/\/belgestone.com.tr\/?page_id=6826"},"modified":"2024-02-21T19:29:01","modified_gmt":"2024-02-21T16:29:01","slug":"ottoman-beige-marble-2","status":"publish","type":"page","link":"https:\/\/belgestone.com.tr\/index.php\/ottoman-beige-marble-2\/","title":{"rendered":"OTTOMAN BEIGE MARBLE"},"content":{"rendered":"\t\t<div data-elementor-type=\"wp-page\" data-elementor-id=\"6826\" class=\"elementor elementor-6826\">\n\t\t\t\t<div class=\"elementor-element elementor-element-7533684 e-flex e-con-boxed e-con e-parent\" data-id=\"7533684\" data-element_type=\"container\" data-settings=\"{&quot;content_width&quot;:&quot;boxed&quot;}\" data-core-v316-plus=\"true\">\n\t\t\t\t\t<div class=\"e-con-inner\">\n\t\t<div class=\"elementor-element elementor-element-9452c93 e-con-full e-flex e-con e-child\" data-id=\"9452c93\" data-element_type=\"container\" data-settings=\"{&quot;content_width&quot;:&quot;full&quot;}\">\n\t\t\t\t<div class=\"elementor-element elementor-element-57d3d16 elementor-widget elementor-widget-image\" data-id=\"57d3d16\" data-element_type=\"widget\" data-widget_type=\"image.default\">\n\t\t\t\t<div class=\"elementor-widget-container\">\n\t\t\t<style>\/*! elementor - v3.19.0 - 07-02-2024 *\/\n.elementor-widget-image{text-align:center}.elementor-widget-image a{display:inline-block}.elementor-widget-image a img[src$=\".svg\"]{width:48px}.elementor-widget-image img{vertical-align:middle;display:inline-block}<\/style>\t\t\t\t\t\t\t\t\t\t<img fetchpriority=\"high\" decoding=\"async\" width=\"525\" height=\"573\" src=\"https:\/\/belgestone.com.tr\/wp-content\/uploads\/2024\/02\/OTTOMAN-BEIGE-MARBLE.png\" class=\"attachment-large size-large wp-image-6788\" alt=\"\" srcset=\"https:\/\/belgestone.com.tr\/wp-content\/uploads\/2024\/02\/OTTOMAN-BEIGE-MARBLE.png 613w, https:\/\/belgestone.com.tr\/wp-content\/uploads\/2024\/02\/OTTOMAN-BEIGE-MARBLE-275x300.png 275w\" sizes=\"(max-width: 525px) 100vw, 525px\" \/>\t\t\t\t\t\t\t\t\t\t\t\t\t<\/div>\n\t\t\t\t<\/div>\n\t\t\t\t<\/div>\n\t\t<div class=\"elementor-element elementor-element-12168fa e-con-full e-flex e-con e-child\" data-id=\"12168fa\" data-element_type=\"container\" data-settings=\"{&quot;content_width&quot;:&quot;full&quot;}\">\n\t\t\t\t<div class=\"elementor-element elementor-element-f4fe116 elementor-widget elementor-widget-text-editor\" data-id=\"f4fe116\" data-element_type=\"widget\" data-widget_type=\"text-editor.default\">\n\t\t\t\t<div class=\"elementor-widget-container\">\n\t\t\t<style>\/*! elementor - v3.19.0 - 07-02-2024 *\/\n.elementor-widget-text-editor.elementor-drop-cap-view-stacked .elementor-drop-cap{background-color:#69727d;color:#fff}.elementor-widget-text-editor.elementor-drop-cap-view-framed .elementor-drop-cap{color:#69727d;border:3px solid;background-color:transparent}.elementor-widget-text-editor:not(.elementor-drop-cap-view-default) .elementor-drop-cap{margin-top:8px}.elementor-widget-text-editor:not(.elementor-drop-cap-view-default) .elementor-drop-cap-letter{width:1em;height:1em}.elementor-widget-text-editor .elementor-drop-cap{float:left;text-align:center;line-height:1;font-size:50px}.elementor-widget-text-editor .elementor-drop-cap-letter{display:inline-block}<\/style>\t\t\t\t<p>Bej mermerin arka plan\u0131nda e\u015fsiz bir doku ile s\u00fcslenmi\u015f Osmanl\u0131 kremas\u0131nda, T\u00fcrkiye&#8217;nin en de\u011ferli bej mermeri aras\u0131ndad\u0131r. E\u015fsiz dokusu ile d\u00fcnyaca tan\u0131nan mermer \u00e7e\u015fidimiz, al\u0131c\u0131lar\u0131 y\u00fcksek fiyatlarla buluyor. Aksine, Uzak Do\u011fu pazar\u0131nda ve Arap pazar\u0131nda al\u0131c\u0131 bulan ta\u015f\u0131m\u0131z d\u00fcnyan\u0131n d\u00f6rt bir yan\u0131nda bir\u00e7ok projede uyguland\u0131 ve uygulanmaya devam ediyor.<\/p>\t\t\t\t\t\t<\/div>\n\t\t\t\t<\/div>\n\t\t\t\t<\/div>\n\t\t\t\t\t<\/div>\n\t\t\t\t<\/div>\n\t\t\t\t<\/div>\n\t\t","protected":false},"excerpt":{"rendered":"<p>Bej mermerin arka plan\u0131nda e\u015fsiz bir doku ile s\u00fcslenmi\u015f Osmanl\u0131 kremas\u0131nda, T\u00fcrkiye&#8217;nin en de\u011ferli bej mermeri aras\u0131ndad\u0131r. E\u015fsiz dokusu ile d\u00fcnyaca tan\u0131nan mermer \u00e7e\u015fidimiz, al\u0131c\u0131lar\u0131 y\u00fcksek fiyatlarla buluyor. Aksine, Uzak Do\u011fu pazar\u0131nda ve Arap pazar\u0131nda al\u0131c\u0131 bulan ta\u015f\u0131m\u0131z d\u00fcnyan\u0131n d\u00f6rt bir yan\u0131nda bir\u00e7ok projede uyguland\u0131 ve uygulanmaya devam ediyor.<\/p>\n","protected":false},"author":1,"featured_media":0,"parent":0,"menu_order":0,"comment_status":"closed","ping_status":"closed","template":"","meta":{"_acf_changed":false,"footnotes":""},"class_list":["post-6826","page","type-page","status-publish","hentry"],"acf":[],"_links":{"self":[{"href":"https:\/\/belgestone.com.tr\/index.php\/wp-json\/wp\/v2\/pages\/6826","targetHints":{"allow":["GET"]}}],"collection":[{"href":"https:\/\/belgestone.com.tr\/index.php\/wp-json\/wp\/v2\/pages"}],"about":[{"href":"https:\/\/belgestone.com.tr\/index.php\/wp-json\/wp\/v2\/types\/page"}],"author":[{"embeddable":true,"href":"https:\/\/belgestone.com.tr\/index.php\/wp-json\/wp\/v2\/users\/1"}],"replies":[{"embeddable":true,"href":"https:\/\/belgestone.com.tr\/index.php\/wp-json\/wp\/v2\/comments?post=6826"}],"version-history":[{"count":4,"href":"https:\/\/belgestone.com.tr\/index.php\/wp-json\/wp\/v2\/pages\/6826\/revisions"}],"predecessor-version":[{"id":6913,"href":"https:\/\/belgestone.com.tr\/index.php\/wp-json\/wp\/v2\/pages\/6826\/revisions\/6913"}],"wp:attachment":[{"href":"https:\/\/belgestone.com.tr\/index.php\/wp-json\/wp\/v2\/media?parent=6826"}],"curies":[{"name":"wp","href":"https:\/\/api.w.org\/{rel}","templated":true}]}}