{"id":6824,"date":"2024-02-21T18:29:39","date_gmt":"2024-02-21T15:29:39","guid":{"rendered":"https:\/\/belgestone.com.tr\/?page_id=6824"},"modified":"2024-02-21T19:28:08","modified_gmt":"2024-02-21T16:28:08","slug":"diva-beige-marble-2","status":"publish","type":"page","link":"https:\/\/belgestone.com.tr\/index.php\/diva-beige-marble-2\/","title":{"rendered":"DIVA BEIGE MARBLE"},"content":{"rendered":"\t\t<div data-elementor-type=\"wp-page\" data-elementor-id=\"6824\" class=\"elementor elementor-6824\">\n\t\t\t\t<div class=\"elementor-element elementor-element-e0e9a18 e-flex e-con-boxed e-con e-parent\" data-id=\"e0e9a18\" data-element_type=\"container\" data-settings=\"{&quot;content_width&quot;:&quot;boxed&quot;}\" data-core-v316-plus=\"true\">\n\t\t\t\t\t<div class=\"e-con-inner\">\n\t\t<div class=\"elementor-element elementor-element-799700a e-con-full e-flex e-con e-child\" data-id=\"799700a\" data-element_type=\"container\" data-settings=\"{&quot;content_width&quot;:&quot;full&quot;}\">\n\t\t\t\t<div class=\"elementor-element elementor-element-ae59f26 elementor-widget elementor-widget-image\" data-id=\"ae59f26\" data-element_type=\"widget\" data-widget_type=\"image.default\">\n\t\t\t\t<div class=\"elementor-widget-container\">\n\t\t\t<style>\/*! elementor - v3.19.0 - 07-02-2024 *\/\n.elementor-widget-image{text-align:center}.elementor-widget-image a{display:inline-block}.elementor-widget-image a img[src$=\".svg\"]{width:48px}.elementor-widget-image img{vertical-align:middle;display:inline-block}<\/style>\t\t\t\t\t\t\t\t\t\t<img fetchpriority=\"high\" decoding=\"async\" width=\"525\" height=\"573\" src=\"https:\/\/belgestone.com.tr\/wp-content\/uploads\/2024\/02\/DIVA-BEIGE-MARBLE.png\" class=\"attachment-large size-large wp-image-6794\" alt=\"\" srcset=\"https:\/\/belgestone.com.tr\/wp-content\/uploads\/2024\/02\/DIVA-BEIGE-MARBLE.png 613w, https:\/\/belgestone.com.tr\/wp-content\/uploads\/2024\/02\/DIVA-BEIGE-MARBLE-275x300.png 275w\" sizes=\"(max-width: 525px) 100vw, 525px\" \/>\t\t\t\t\t\t\t\t\t\t\t\t\t<\/div>\n\t\t\t\t<\/div>\n\t\t\t\t<\/div>\n\t\t<div class=\"elementor-element elementor-element-60d3656 e-con-full e-flex e-con e-child\" data-id=\"60d3656\" data-element_type=\"container\" data-settings=\"{&quot;content_width&quot;:&quot;full&quot;}\">\n\t\t\t\t<div class=\"elementor-element elementor-element-d275683 elementor-widget elementor-widget-text-editor\" data-id=\"d275683\" data-element_type=\"widget\" data-widget_type=\"text-editor.default\">\n\t\t\t\t<div class=\"elementor-widget-container\">\n\t\t\t<style>\/*! elementor - v3.19.0 - 07-02-2024 *\/\n.elementor-widget-text-editor.elementor-drop-cap-view-stacked .elementor-drop-cap{background-color:#69727d;color:#fff}.elementor-widget-text-editor.elementor-drop-cap-view-framed .elementor-drop-cap{color:#69727d;border:3px solid;background-color:transparent}.elementor-widget-text-editor:not(.elementor-drop-cap-view-default) .elementor-drop-cap{margin-top:8px}.elementor-widget-text-editor:not(.elementor-drop-cap-view-default) .elementor-drop-cap-letter{width:1em;height:1em}.elementor-widget-text-editor .elementor-drop-cap{float:left;text-align:center;line-height:1;font-size:50px}.elementor-widget-text-editor .elementor-drop-cap-letter{display:inline-block}<\/style>\t\t\t\t<p>Diva bej, krem ve bej tonlar\u0131ndan olu\u015fan bir renk paletine sahiptir. Bu renklerin do\u011fayla harmanlanmas\u0131, bir\u00e7ok farkl\u0131 alanda \u00e7e\u015fitli projelerle uyum sa\u011flama \u00f6zelli\u011fine sahip Diva Bej Mermeri ortaya \u00e7\u0131kar\u0131yor. Diva Bej, i\u00e7 ve d\u0131\u015f zemin kaplamalar\u0131, duvar kaplamalar\u0131 ve ya\u015fam alanlar\u0131 olu\u015fturmak i\u00e7in m\u00fckemmel bir se\u00e7imdir.<\/p>\t\t\t\t\t\t<\/div>\n\t\t\t\t<\/div>\n\t\t\t\t<\/div>\n\t\t\t\t\t<\/div>\n\t\t\t\t<\/div>\n\t\t\t\t<\/div>\n\t\t","protected":false},"excerpt":{"rendered":"<p>Diva bej, krem ve bej tonlar\u0131ndan olu\u015fan bir renk paletine sahiptir. Bu renklerin do\u011fayla harmanlanmas\u0131, bir\u00e7ok farkl\u0131 alanda \u00e7e\u015fitli projelerle uyum sa\u011flama \u00f6zelli\u011fine sahip Diva Bej Mermeri ortaya \u00e7\u0131kar\u0131yor. Diva Bej, i\u00e7 ve d\u0131\u015f zemin kaplamalar\u0131, duvar kaplamalar\u0131 ve ya\u015fam alanlar\u0131 olu\u015fturmak i\u00e7in m\u00fckemmel bir se\u00e7imdir.<\/p>\n","protected":false},"author":1,"featured_media":0,"parent":0,"menu_order":0,"comment_status":"closed","ping_status":"closed","template":"","meta":{"_acf_changed":false,"footnotes":""},"class_list":["post-6824","page","type-page","status-publish","hentry"],"acf":[],"_links":{"self":[{"href":"https:\/\/belgestone.com.tr\/index.php\/wp-json\/wp\/v2\/pages\/6824","targetHints":{"allow":["GET"]}}],"collection":[{"href":"https:\/\/belgestone.com.tr\/index.php\/wp-json\/wp\/v2\/pages"}],"about":[{"href":"https:\/\/belgestone.com.tr\/index.php\/wp-json\/wp\/v2\/types\/page"}],"author":[{"embeddable":true,"href":"https:\/\/belgestone.com.tr\/index.php\/wp-json\/wp\/v2\/users\/1"}],"replies":[{"embeddable":true,"href":"https:\/\/belgestone.com.tr\/index.php\/wp-json\/wp\/v2\/comments?post=6824"}],"version-history":[{"count":4,"href":"https:\/\/belgestone.com.tr\/index.php\/wp-json\/wp\/v2\/pages\/6824\/revisions"}],"predecessor-version":[{"id":6910,"href":"https:\/\/belgestone.com.tr\/index.php\/wp-json\/wp\/v2\/pages\/6824\/revisions\/6910"}],"wp:attachment":[{"href":"https:\/\/belgestone.com.tr\/index.php\/wp-json\/wp\/v2\/media?parent=6824"}],"curies":[{"name":"wp","href":"https:\/\/api.w.org\/{rel}","templated":true}]}}