{"id":6822,"date":"2024-02-21T18:29:18","date_gmt":"2024-02-21T15:29:18","guid":{"rendered":"https:\/\/belgestone.com.tr\/?page_id=6822"},"modified":"2024-02-21T19:26:43","modified_gmt":"2024-02-21T16:26:43","slug":"burdur-beige-marble","status":"publish","type":"page","link":"https:\/\/belgestone.com.tr\/index.php\/burdur-beige-marble\/","title":{"rendered":"BURDUR BEIGE MARBLE"},"content":{"rendered":"\t\t<div data-elementor-type=\"wp-page\" data-elementor-id=\"6822\" class=\"elementor elementor-6822\">\n\t\t\t\t<div class=\"elementor-element elementor-element-60fc612 e-flex e-con-boxed e-con e-parent\" data-id=\"60fc612\" data-element_type=\"container\" data-settings=\"{&quot;content_width&quot;:&quot;boxed&quot;}\" data-core-v316-plus=\"true\">\n\t\t\t\t\t<div class=\"e-con-inner\">\n\t\t<div class=\"elementor-element elementor-element-191d2bd e-con-full e-flex e-con e-child\" data-id=\"191d2bd\" data-element_type=\"container\" data-settings=\"{&quot;content_width&quot;:&quot;full&quot;}\">\n\t\t\t\t<div class=\"elementor-element elementor-element-4f7a002 elementor-widget elementor-widget-image\" data-id=\"4f7a002\" data-element_type=\"widget\" data-widget_type=\"image.default\">\n\t\t\t\t<div class=\"elementor-widget-container\">\n\t\t\t<style>\/*! elementor - v3.19.0 - 07-02-2024 *\/\n.elementor-widget-image{text-align:center}.elementor-widget-image a{display:inline-block}.elementor-widget-image a img[src$=\".svg\"]{width:48px}.elementor-widget-image img{vertical-align:middle;display:inline-block}<\/style>\t\t\t\t\t\t\t\t\t\t<img fetchpriority=\"high\" decoding=\"async\" width=\"525\" height=\"573\" src=\"https:\/\/belgestone.com.tr\/wp-content\/uploads\/2024\/02\/BURDUR-BEIGE-MARBLE-1.png\" class=\"attachment-large size-large wp-image-6799\" alt=\"\" srcset=\"https:\/\/belgestone.com.tr\/wp-content\/uploads\/2024\/02\/BURDUR-BEIGE-MARBLE-1.png 613w, https:\/\/belgestone.com.tr\/wp-content\/uploads\/2024\/02\/BURDUR-BEIGE-MARBLE-1-275x300.png 275w\" sizes=\"(max-width: 525px) 100vw, 525px\" \/>\t\t\t\t\t\t\t\t\t\t\t\t\t<\/div>\n\t\t\t\t<\/div>\n\t\t\t\t<\/div>\n\t\t<div class=\"elementor-element elementor-element-aa9bc9a e-con-full e-flex e-con e-child\" data-id=\"aa9bc9a\" data-element_type=\"container\" data-settings=\"{&quot;content_width&quot;:&quot;full&quot;}\">\n\t\t\t\t<div class=\"elementor-element elementor-element-952620d elementor-widget elementor-widget-text-editor\" data-id=\"952620d\" data-element_type=\"widget\" data-widget_type=\"text-editor.default\">\n\t\t\t\t<div class=\"elementor-widget-container\">\n\t\t\t<style>\/*! elementor - v3.19.0 - 07-02-2024 *\/\n.elementor-widget-text-editor.elementor-drop-cap-view-stacked .elementor-drop-cap{background-color:#69727d;color:#fff}.elementor-widget-text-editor.elementor-drop-cap-view-framed .elementor-drop-cap{color:#69727d;border:3px solid;background-color:transparent}.elementor-widget-text-editor:not(.elementor-drop-cap-view-default) .elementor-drop-cap{margin-top:8px}.elementor-widget-text-editor:not(.elementor-drop-cap-view-default) .elementor-drop-cap-letter{width:1em;height:1em}.elementor-widget-text-editor .elementor-drop-cap{float:left;text-align:center;line-height:1;font-size:50px}.elementor-widget-text-editor .elementor-drop-cap-letter{display:inline-block}<\/style>\t\t\t\t<p>Bu malzeme, g\u00fczel tasar\u0131m\u0131 ve homojen yap\u0131s\u0131 nedeniyle klasik ve iyi bilinen bir \u00fcr\u00fcnd\u00fcr, b\u00fcy\u00fck \u00f6l\u00e7ekli projeler i\u00e7in m\u00fckemmel bir se\u00e7enektir. L\u00fcks otel ve konut projelerinin en \u00e7ok tercih edilen \u00fcr\u00fcn\u00fcd\u00fcr.<\/p><p>\u00a0<\/p>\t\t\t\t\t\t<\/div>\n\t\t\t\t<\/div>\n\t\t\t\t<\/div>\n\t\t\t\t\t<\/div>\n\t\t\t\t<\/div>\n\t\t\t\t<\/div>\n\t\t","protected":false},"excerpt":{"rendered":"<p>Bu malzeme, g\u00fczel tasar\u0131m\u0131 ve homojen yap\u0131s\u0131 nedeniyle klasik ve iyi bilinen bir \u00fcr\u00fcnd\u00fcr, b\u00fcy\u00fck \u00f6l\u00e7ekli projeler i\u00e7in m\u00fckemmel bir se\u00e7enektir. L\u00fcks otel ve konut projelerinin en \u00e7ok tercih edilen \u00fcr\u00fcn\u00fcd\u00fcr. \u00a0<\/p>\n","protected":false},"author":1,"featured_media":0,"parent":0,"menu_order":0,"comment_status":"closed","ping_status":"closed","template":"","meta":{"_acf_changed":false,"footnotes":""},"class_list":["post-6822","page","type-page","status-publish","hentry"],"acf":[],"_links":{"self":[{"href":"https:\/\/belgestone.com.tr\/index.php\/wp-json\/wp\/v2\/pages\/6822","targetHints":{"allow":["GET"]}}],"collection":[{"href":"https:\/\/belgestone.com.tr\/index.php\/wp-json\/wp\/v2\/pages"}],"about":[{"href":"https:\/\/belgestone.com.tr\/index.php\/wp-json\/wp\/v2\/types\/page"}],"author":[{"embeddable":true,"href":"https:\/\/belgestone.com.tr\/index.php\/wp-json\/wp\/v2\/users\/1"}],"replies":[{"embeddable":true,"href":"https:\/\/belgestone.com.tr\/index.php\/wp-json\/wp\/v2\/comments?post=6822"}],"version-history":[{"count":4,"href":"https:\/\/belgestone.com.tr\/index.php\/wp-json\/wp\/v2\/pages\/6822\/revisions"}],"predecessor-version":[{"id":6907,"href":"https:\/\/belgestone.com.tr\/index.php\/wp-json\/wp\/v2\/pages\/6822\/revisions\/6907"}],"wp:attachment":[{"href":"https:\/\/belgestone.com.tr\/index.php\/wp-json\/wp\/v2\/media?parent=6822"}],"curies":[{"name":"wp","href":"https:\/\/api.w.org\/{rel}","templated":true}]}}